{"id":14,"date":"2024-09-06T15:21:24","date_gmt":"2024-09-06T13:21:24","guid":{"rendered":"https:\/\/jpn-motors.fr\/?page_id=14"},"modified":"2024-12-08T15:01:35","modified_gmt":"2024-12-08T14:01:35","slug":"atelier-de-reparation-carrosserie-peinture-entretien-garage-automobile","status":"publish","type":"page","link":"https:\/\/jpn-motors.fr\/","title":{"rendered":"Accueil"},"content":{"rendered":"\n<div class=\"wp-block-cover alignfull has-text-color\" style=\"color:#0c4ab2;margin-top:0;margin-bottom:0;padding-top:0;padding-bottom:0;min-height:546px;aspect-ratio:unset;\"><span aria-hidden=\"true\" class=\"wp-block-cover__background has-background-dim-0 has-background-dim\" style=\"background-color:#0f1537\"><\/span><img loading=\"lazy\" decoding=\"async\" width=\"2560\" height=\"1047\" class=\"wp-block-cover__image-background wp-image-21\" alt=\"\" src=\"https:\/\/jpn-motors.fr\/wp-content\/uploads\/2024\/09\/image-jp-scaled.jpg\" data-object-fit=\"cover\" srcset=\"https:\/\/jpn-motors.fr\/wp-content\/uploads\/2024\/09\/image-jp-scaled.jpg 2560w, https:\/\/jpn-motors.fr\/wp-content\/uploads\/2024\/09\/image-jp-300x123.jpg 300w, https:\/\/jpn-motors.fr\/wp-content\/uploads\/2024\/09\/image-jp-1024x419.jpg 1024w, https:\/\/jpn-motors.fr\/wp-content\/uploads\/2024\/09\/image-jp-768x314.jpg 768w, https:\/\/jpn-motors.fr\/wp-content\/uploads\/2024\/09\/image-jp-1536x628.jpg 1536w, https:\/\/jpn-motors.fr\/wp-content\/uploads\/2024\/09\/image-jp-2048x837.jpg 2048w\" sizes=\"auto, (max-width: 2560px) 100vw, 2560px\" \/><div class=\"wp-block-cover__inner-container has-global-padding is-layout-constrained wp-container-core-cover-is-layout-858e3905 wp-block-cover-is-layout-constrained\">\n<h1 class=\"wp-block-heading has-text-align-center has-text-color\" style=\"color:#fcfcfc;font-size:clamp(22.544px, 1.409rem + ((1vw - 3.2px) * 1.643), 37px);font-style:normal;font-weight:600\">Carrosserie I Peinture I Entretien<\/h1>\n\n\n\n<div style=\"height:30px\" aria-hidden=\"true\" class=\"wp-block-spacer\"><\/div>\n\n\n\n<h6 class=\"wp-block-heading has-text-align-center has-text-color\" style=\"color:#f80505;font-size:clamp(21.027px, 1.314rem + ((1vw - 3.2px) * 1.474), 34px);font-style:normal;font-weight:600\">V\u00e9hicules toutes marques<br>&amp; sp\u00e9cialit\u00e9s automobiles am\u00e9ricaines<\/h6>\n\n\n\n<div style=\"height:31px\" aria-hidden=\"true\" class=\"wp-block-spacer\"><\/div>\n\n\n\n<p><\/p>\n\n\n\n<h2 class=\"wp-block-heading has-text-align-center has-text-color has-link-color has-system-font-font-family has-medium-font-size wp-elements-3b465086658d199e4c22895fea18b431\" style=\"color:#fcfcfc;font-style:normal;font-weight:600\">06 42 81 59 76 &#8211; <a href=\"mailto:contact@jpn-motors.fr\">contact@jpn-motors.fr<\/a><\/h2>\n\n\n\n<div style=\"height:72px\" aria-hidden=\"true\" class=\"wp-block-spacer\"><\/div>\n\n\n\n<div class=\"wp-block-buttons is-content-justification-center is-layout-flex wp-container-core-buttons-is-layout-a89b3969 wp-block-buttons-is-layout-flex\">\n<div class=\"wp-block-button has-custom-font-size\" style=\"font-size:clamp(14px, 0.875rem + ((1vw - 3.2px) * 0.455), 18px);font-style:normal;font-weight:600\"><a class=\"wp-block-button__link has-text-color has-background wp-element-button\" href=\"https:\/\/jpn-motors.fr\/index.php\/contact\/\" style=\"border-style:none;border-width:0px;border-radius:18px;color:#1d2242;background-color:#fcfcfc;padding-top:6px;padding-right:51px;padding-bottom:6px;padding-left:51px\">6 RUE DES VANNEAUX 67120 DACHSTEIN<\/a><\/div>\n<\/div>\n<\/div><\/div>\n\n\n\n<div class=\"wp-block-group alignfull has-background has-global-padding is-layout-constrained wp-container-core-group-is-layout-6df15154 wp-block-group-is-layout-constrained\" style=\"background-color:#fcfcfc;margin-top:0;margin-bottom:0;padding-top:1.8rem;padding-right:var(--wp--preset--spacing--40);padding-bottom:3rem;padding-left:var(--wp--preset--spacing--40)\">\n<div class=\"wp-block-group alignwide has-global-padding is-layout-constrained wp-block-group-is-layout-constrained\" style=\"padding-bottom:1rem\">\n<h2 class=\"wp-block-heading has-text-align-center has-text-color\" style=\"color:#f80505;margin-top:0;margin-right:0;margin-bottom:0;margin-left:0;font-size:clamp(1.556rem, 1.556rem + ((1vw - 0.2rem) * 1.916), 2.61rem);font-style:normal;font-weight:600;line-height:1.5;text-transform:capitalize\">Nos Services<\/h2>\n<\/div>\n\n\n\n<div class=\"wp-block-group alignwide has-global-padding is-layout-constrained wp-container-core-group-is-layout-1cf432e6 wp-block-group-is-layout-constrained\" style=\"margin-top:1.01rem\">\n<div class=\"wp-block-columns alignwide is-layout-flex wp-container-core-columns-is-layout-85231905 wp-block-columns-is-layout-flex\">\n<div class=\"wp-block-column has-global-padding is-content-justification-center is-layout-constrained wp-container-core-column-is-layout-412b4476 wp-block-column-is-layout-constrained\" style=\"padding-bottom:2rem\">\n<div class=\"wp-block-group has-global-padding is-layout-constrained wp-container-core-group-is-layout-668d2085 wp-block-group-is-layout-constrained\">\n<figure class=\"wp-block-image aligncenter size-full is-resized has-custom-border\"><img loading=\"lazy\" decoding=\"async\" width=\"2560\" height=\"1707\" src=\"https:\/\/jpn-motors.fr\/wp-content\/uploads\/2024\/09\/AdobeStock_813839939-scaled.jpeg\" alt=\"\" class=\"wp-image-25\" style=\"border-style:none;border-width:0px;border-radius:15px;width:290px\" srcset=\"https:\/\/jpn-motors.fr\/wp-content\/uploads\/2024\/09\/AdobeStock_813839939-scaled.jpeg 2560w, https:\/\/jpn-motors.fr\/wp-content\/uploads\/2024\/09\/AdobeStock_813839939-300x200.jpeg 300w, https:\/\/jpn-motors.fr\/wp-content\/uploads\/2024\/09\/AdobeStock_813839939-1024x683.jpeg 1024w, https:\/\/jpn-motors.fr\/wp-content\/uploads\/2024\/09\/AdobeStock_813839939-768x512.jpeg 768w, https:\/\/jpn-motors.fr\/wp-content\/uploads\/2024\/09\/AdobeStock_813839939-1536x1024.jpeg 1536w, https:\/\/jpn-motors.fr\/wp-content\/uploads\/2024\/09\/AdobeStock_813839939-2048x1365.jpeg 2048w\" sizes=\"auto, (max-width: 2560px) 100vw, 2560px\" \/><\/figure>\n\n\n\n<h5 class=\"wp-block-heading has-text-align-center has-text-color\" style=\"color:#1d2242;font-size:clamp(1.044rem, 1.044rem + ((1vw - 0.2rem) * 1.029), 1.61rem);font-style:normal;font-weight:600;line-height:1.4;text-transform:capitalize\">cARROSSERIE<\/h5>\n<\/div>\n\n\n\n<div class=\"wp-block-group has-global-padding is-layout-constrained wp-container-core-group-is-layout-4f9f0532 wp-block-group-is-layout-constrained\">\n<p class=\"has-text-align-center has-text-color\" style=\"color:#252525;margin-top:0rem;font-size:clamp(0.875rem, 0.875rem + ((1vw - 0.2rem) * 0.064), 0.91rem);font-style:normal;font-weight:400;line-height:1.5\">Les travaux de carrosserie automobile regroupent l\u2019ensemble des interventions visant \u00e0 r\u00e9parer ou entretenir la structure ext\u00e9rieure d\u2019un v\u00e9hicule. <\/p>\n\n\n\n<p class=\"has-text-align-center has-text-color\" style=\"color:#252525;margin-top:0rem;font-size:clamp(0.875rem, 0.875rem + ((1vw - 0.2rem) * 0.064), 0.91rem);font-style:normal;font-weight:400;line-height:1.5\">Ils incluent le d\u00e9bosselage, la r\u00e9paration ou le remplacement de pi\u00e8ces endommag\u00e9es viss\u00e9es et \u00e9galement soud\u00e9es, le traitement des rayures, et la peinture pour restaurer l\u2019apparence. <\/p>\n\n\n\n<p class=\"has-text-align-center has-text-color\" style=\"color:#252525;margin-top:0rem;font-size:clamp(0.875rem, 0.875rem + ((1vw - 0.2rem) * 0.064), 0.91rem);font-style:normal;font-weight:400;line-height:1.5\">Ces op\u00e9rations, r\u00e9alis\u00e9es par des professionnels \u00e9quip\u00e9s de mat\u00e9riel sp\u00e9cialis\u00e9, permettent de pr\u00e9server la s\u00e9curit\u00e9, l\u2019esth\u00e9tique et la valeur du v\u00e9hicule.<\/p>\n<\/div>\n<\/div>\n\n\n\n<div class=\"wp-block-column has-global-padding is-layout-constrained wp-container-core-column-is-layout-a3af4fe5 wp-block-column-is-layout-constrained\" style=\"padding-bottom:2rem\">\n<div class=\"wp-block-group has-global-padding is-layout-constrained wp-container-core-group-is-layout-668d2085 wp-block-group-is-layout-constrained\">\n<figure class=\"wp-block-image aligncenter size-full is-resized has-custom-border\"><img loading=\"lazy\" decoding=\"async\" width=\"2560\" height=\"1709\" src=\"https:\/\/jpn-motors.fr\/wp-content\/uploads\/2024\/09\/AdobeStock_354073497-scaled.jpeg\" alt=\"\" class=\"wp-image-26\" style=\"border-radius:15px;width:290px\" srcset=\"https:\/\/jpn-motors.fr\/wp-content\/uploads\/2024\/09\/AdobeStock_354073497-scaled.jpeg 2560w, https:\/\/jpn-motors.fr\/wp-content\/uploads\/2024\/09\/AdobeStock_354073497-300x200.jpeg 300w, https:\/\/jpn-motors.fr\/wp-content\/uploads\/2024\/09\/AdobeStock_354073497-1024x684.jpeg 1024w, https:\/\/jpn-motors.fr\/wp-content\/uploads\/2024\/09\/AdobeStock_354073497-768x513.jpeg 768w, https:\/\/jpn-motors.fr\/wp-content\/uploads\/2024\/09\/AdobeStock_354073497-1536x1025.jpeg 1536w, https:\/\/jpn-motors.fr\/wp-content\/uploads\/2024\/09\/AdobeStock_354073497-2048x1367.jpeg 2048w\" sizes=\"auto, (max-width: 2560px) 100vw, 2560px\" \/><\/figure>\n\n\n\n<h5 class=\"wp-block-heading has-text-align-center has-text-color\" style=\"color:#1d2242;font-size:clamp(1.044rem, 1.044rem + ((1vw - 0.2rem) * 1.029), 1.61rem);font-style:normal;font-weight:600;line-height:1.4;text-transform:capitalize\">PEINTURE<\/h5>\n<\/div>\n\n\n\n<div class=\"wp-block-group has-global-padding is-layout-constrained wp-container-core-group-is-layout-4f9f0532 wp-block-group-is-layout-constrained\">\n<p class=\"has-text-align-center has-text-color\" style=\"color:#252525;margin-top:0rem;font-size:clamp(0.875rem, 0.875rem + ((1vw - 0.2rem) * 0.064), 0.91rem);font-style:normal;font-weight:400;line-height:1.5\">La peinture automobile est une \u00e9tape essentielle pour prot\u00e9ger et embellir la carrosserie d\u2019un v\u00e9hicule. Elle joue un r\u00f4le cl\u00e9 en pr\u00e9servant le m\u00e9tal contre la corrosion, les rayons UV et les intemp\u00e9ries tout en apportant une finition esth\u00e9tique. <\/p>\n\n\n\n<p class=\"has-text-align-center has-text-color\" style=\"color:#252525;margin-top:0rem;font-size:clamp(0.875rem, 0.875rem + ((1vw - 0.2rem) * 0.064), 0.91rem);font-style:normal;font-weight:400;line-height:1.5\">Le processus comprend plusieurs \u00e9tapes : la pr\u00e9paration de la surface, l\u2019application de la peinture de base, et la pose d\u2019un vernis transparent pour renforcer la brillance et la durabilit\u00e9. Un travail soign\u00e9 et pr\u00e9cis est indispensable pour garantir un r\u00e9sultat uniforme et durable.<\/p>\n<\/div>\n<\/div>\n\n\n\n<div class=\"wp-block-column has-global-padding is-content-justification-center is-layout-constrained wp-container-core-column-is-layout-412b4476 wp-block-column-is-layout-constrained\" style=\"padding-bottom:2rem\">\n<div class=\"wp-block-group has-global-padding is-layout-constrained wp-container-core-group-is-layout-668d2085 wp-block-group-is-layout-constrained\">\n<figure class=\"wp-block-image aligncenter size-full is-resized has-custom-border\"><img loading=\"lazy\" decoding=\"async\" width=\"2560\" height=\"1707\" src=\"https:\/\/jpn-motors.fr\/wp-content\/uploads\/2024\/09\/AdobeStock_330824226_Editorial_Use_Only-scaled.jpeg\" alt=\"\" class=\"wp-image-27\" style=\"border-radius:15px;width:290px\" srcset=\"https:\/\/jpn-motors.fr\/wp-content\/uploads\/2024\/09\/AdobeStock_330824226_Editorial_Use_Only-scaled.jpeg 2560w, https:\/\/jpn-motors.fr\/wp-content\/uploads\/2024\/09\/AdobeStock_330824226_Editorial_Use_Only-300x200.jpeg 300w, https:\/\/jpn-motors.fr\/wp-content\/uploads\/2024\/09\/AdobeStock_330824226_Editorial_Use_Only-1024x683.jpeg 1024w, https:\/\/jpn-motors.fr\/wp-content\/uploads\/2024\/09\/AdobeStock_330824226_Editorial_Use_Only-768x512.jpeg 768w, https:\/\/jpn-motors.fr\/wp-content\/uploads\/2024\/09\/AdobeStock_330824226_Editorial_Use_Only-1536x1024.jpeg 1536w, https:\/\/jpn-motors.fr\/wp-content\/uploads\/2024\/09\/AdobeStock_330824226_Editorial_Use_Only-2048x1365.jpeg 2048w\" sizes=\"auto, (max-width: 2560px) 100vw, 2560px\" \/><\/figure>\n\n\n\n<h5 class=\"wp-block-heading has-text-align-center has-text-color\" style=\"color:#1d2242;font-size:clamp(1.044rem, 1.044rem + ((1vw - 0.2rem) * 1.029), 1.61rem);font-style:normal;font-weight:600;line-height:1.4;text-transform:capitalize\">ENTRETIEN<\/h5>\n<\/div>\n\n\n\n<div class=\"wp-block-group has-global-padding is-layout-constrained wp-container-core-group-is-layout-4f9f0532 wp-block-group-is-layout-constrained\">\n<p class=\"has-text-align-center has-text-color\" style=\"color:#252525;margin-top:0rem;font-size:clamp(0.875rem, 0.875rem + ((1vw - 0.2rem) * 0.064), 0.91rem);font-style:normal;font-weight:400;line-height:1.5\">L\u2019entretien m\u00e9canique automobile consiste \u00e0 r\u00e9aliser un ensemble de v\u00e9rifications et d\u2019interventions r\u00e9guli\u00e8res pour assurer le bon fonctionnement, la s\u00e9curit\u00e9 et la long\u00e9vit\u00e9 d\u2019un v\u00e9hicule. <\/p>\n\n\n\n<p class=\"has-text-align-center has-text-color\" style=\"color:#252525;margin-top:0rem;font-size:clamp(0.875rem, 0.875rem + ((1vw - 0.2rem) * 0.064), 0.91rem);font-style:normal;font-weight:400;line-height:1.5\">Des \u00e9l\u00e9ments comme les bougies d\u2019allumage, la courroie de distribution, ou encore les pneus sont inspect\u00e9s ou remplac\u00e9s selon le plan d\u2019entretien recommand\u00e9 par le constructeur. Un entretien r\u00e9gulier permet de pr\u00e9venir les pannes, d\u2019optimiser la consommation de carburant et de garantir la s\u00e9curit\u00e9 sur la route.<\/p>\n<\/div>\n<\/div>\n<\/div>\n<\/div>\n<\/div>\n\n\n\n<p><\/p>\n","protected":false},"excerpt":{"rendered":"<p>Nos Services cARROSSERIE Les travaux de carrosserie automobile regroupent l\u2019ensemble des interventions visant \u00e0 r\u00e9parer ou entretenir la structure ext\u00e9rieure d\u2019un v\u00e9hicule. Ils incluent le d\u00e9bosselage, la r\u00e9paration ou le remplacement de pi\u00e8ces endommag\u00e9es viss\u00e9es et \u00e9galement soud\u00e9es, le traitement des rayures, et la peinture pour restaurer l\u2019apparence. Ces op\u00e9rations, r\u00e9alis\u00e9es par des professionnels \u00e9quip\u00e9s [&hellip;]<\/p>\n","protected":false},"author":1,"featured_media":0,"parent":0,"menu_order":0,"comment_status":"closed","ping_status":"closed","template":"","meta":{"footnotes":""},"class_list":["post-14","page","type-page","status-publish","hentry"],"yoast_head":"<!-- This site is optimized with the Yoast SEO plugin v24.0 - https:\/\/yoast.com\/wordpress\/plugins\/seo\/ -->\n<title>Accueil - WordPress<\/title>\n<meta name=\"description\" content=\"D\u00e9couvrez notre atelier de r\u00e9paration Carrosserie Peinture Entretien garage automobile pour v\u00e9hicules toutes marques &amp; sp\u00e9cialit\u00e9s automobile am\u00e9ricaines en Alsace.\" \/>\n<meta name=\"robots\" content=\"index, follow, max-snippet:-1, max-image-preview:large, max-video-preview:-1\" \/>\n<link rel=\"canonical\" href=\"https:\/\/jpn-motors.fr\/\" \/>\n<meta property=\"og:locale\" content=\"fr_FR\" \/>\n<meta property=\"og:type\" content=\"article\" \/>\n<meta property=\"og:title\" content=\"Accueil - WordPress\" \/>\n<meta property=\"og:description\" content=\"D\u00e9couvrez notre atelier de r\u00e9paration Carrosserie Peinture Entretien garage automobile pour v\u00e9hicules toutes marques &amp; sp\u00e9cialit\u00e9s automobile am\u00e9ricaines en Alsace.\" \/>\n<meta property=\"og:url\" content=\"https:\/\/jpn-motors.fr\/\" \/>\n<meta property=\"og:site_name\" content=\"WordPress\" \/>\n<meta property=\"article:modified_time\" content=\"2024-12-08T14:01:35+00:00\" \/>\n<meta property=\"og:image\" content=\"https:\/\/jpn-motors.fr\/wp-content\/uploads\/2024\/09\/image-jp-scaled.jpg\" \/>\n\t<meta property=\"og:image:width\" content=\"2560\" \/>\n\t<meta property=\"og:image:height\" content=\"1047\" \/>\n\t<meta property=\"og:image:type\" content=\"image\/jpeg\" \/>\n<meta name=\"twitter:card\" content=\"summary_large_image\" \/>\n<meta name=\"twitter:label1\" content=\"Dur\u00e9e de lecture estim\u00e9e\" \/>\n\t<meta name=\"twitter:data1\" content=\"3 minutes\" \/>\n<script type=\"application\/ld+json\" class=\"yoast-schema-graph\">{\"@context\":\"https:\/\/schema.org\",\"@graph\":[{\"@type\":\"WebPage\",\"@id\":\"https:\/\/jpn-motors.fr\/\",\"url\":\"https:\/\/jpn-motors.fr\/\",\"name\":\"Accueil - WordPress\",\"isPartOf\":{\"@id\":\"https:\/\/jpn-motors.fr\/#website\"},\"primaryImageOfPage\":{\"@id\":\"https:\/\/jpn-motors.fr\/#primaryimage\"},\"image\":{\"@id\":\"https:\/\/jpn-motors.fr\/#primaryimage\"},\"thumbnailUrl\":\"https:\/\/jpn-motors.fr\/wp-content\/uploads\/2024\/09\/image-jp-scaled.jpg\",\"datePublished\":\"2024-09-06T13:21:24+00:00\",\"dateModified\":\"2024-12-08T14:01:35+00:00\",\"description\":\"D\u00e9couvrez notre atelier de r\u00e9paration Carrosserie Peinture Entretien garage automobile pour v\u00e9hicules toutes marques & sp\u00e9cialit\u00e9s automobile am\u00e9ricaines en Alsace.\",\"breadcrumb\":{\"@id\":\"https:\/\/jpn-motors.fr\/#breadcrumb\"},\"inLanguage\":\"fr-FR\",\"potentialAction\":[{\"@type\":\"ReadAction\",\"target\":[\"https:\/\/jpn-motors.fr\/\"]}]},{\"@type\":\"ImageObject\",\"inLanguage\":\"fr-FR\",\"@id\":\"https:\/\/jpn-motors.fr\/#primaryimage\",\"url\":\"https:\/\/jpn-motors.fr\/wp-content\/uploads\/2024\/09\/image-jp-scaled.jpg\",\"contentUrl\":\"https:\/\/jpn-motors.fr\/wp-content\/uploads\/2024\/09\/image-jp-scaled.jpg\",\"width\":2560,\"height\":1047},{\"@type\":\"BreadcrumbList\",\"@id\":\"https:\/\/jpn-motors.fr\/#breadcrumb\",\"itemListElement\":[{\"@type\":\"ListItem\",\"position\":1,\"name\":\"Accueil\",\"item\":\"https:\/\/jpn-motors.fr\/\"},{\"@type\":\"ListItem\",\"position\":2,\"name\":\"Accueil\"}]},{\"@type\":\"WebSite\",\"@id\":\"https:\/\/jpn-motors.fr\/#website\",\"url\":\"https:\/\/jpn-motors.fr\/\",\"name\":\"WordPress\",\"description\":\"Un site utilisant WordPress\",\"publisher\":{\"@id\":\"https:\/\/jpn-motors.fr\/#organization\"},\"potentialAction\":[{\"@type\":\"SearchAction\",\"target\":{\"@type\":\"EntryPoint\",\"urlTemplate\":\"https:\/\/jpn-motors.fr\/?s={search_term_string}\"},\"query-input\":{\"@type\":\"PropertyValueSpecification\",\"valueRequired\":true,\"valueName\":\"search_term_string\"}}],\"inLanguage\":\"fr-FR\"},{\"@type\":\"Organization\",\"@id\":\"https:\/\/jpn-motors.fr\/#organization\",\"name\":\"WordPress\",\"url\":\"https:\/\/jpn-motors.fr\/\",\"logo\":{\"@type\":\"ImageObject\",\"inLanguage\":\"fr-FR\",\"@id\":\"https:\/\/jpn-motors.fr\/#\/schema\/logo\/image\/\",\"url\":\"https:\/\/jpn-motors.fr\/wp-content\/uploads\/2024\/09\/LOGO-PNG.png\",\"contentUrl\":\"https:\/\/jpn-motors.fr\/wp-content\/uploads\/2024\/09\/LOGO-PNG.png\",\"width\":1024,\"height\":764,\"caption\":\"WordPress\"},\"image\":{\"@id\":\"https:\/\/jpn-motors.fr\/#\/schema\/logo\/image\/\"}}]}<\/script>\n<!-- \/ Yoast SEO plugin. -->","yoast_head_json":{"title":"Accueil - WordPress","description":"D\u00e9couvrez notre atelier de r\u00e9paration Carrosserie Peinture Entretien garage automobile pour v\u00e9hicules toutes marques & sp\u00e9cialit\u00e9s automobile am\u00e9ricaines en Alsace.","robots":{"index":"index","follow":"follow","max-snippet":"max-snippet:-1","max-image-preview":"max-image-preview:large","max-video-preview":"max-video-preview:-1"},"canonical":"https:\/\/jpn-motors.fr\/","og_locale":"fr_FR","og_type":"article","og_title":"Accueil - WordPress","og_description":"D\u00e9couvrez notre atelier de r\u00e9paration Carrosserie Peinture Entretien garage automobile pour v\u00e9hicules toutes marques & sp\u00e9cialit\u00e9s automobile am\u00e9ricaines en Alsace.","og_url":"https:\/\/jpn-motors.fr\/","og_site_name":"WordPress","article_modified_time":"2024-12-08T14:01:35+00:00","og_image":[{"width":2560,"height":1047,"url":"https:\/\/jpn-motors.fr\/wp-content\/uploads\/2024\/09\/image-jp-scaled.jpg","type":"image\/jpeg"}],"twitter_card":"summary_large_image","twitter_misc":{"Dur\u00e9e de lecture estim\u00e9e":"3 minutes"},"schema":{"@context":"https:\/\/schema.org","@graph":[{"@type":"WebPage","@id":"https:\/\/jpn-motors.fr\/","url":"https:\/\/jpn-motors.fr\/","name":"Accueil - WordPress","isPartOf":{"@id":"https:\/\/jpn-motors.fr\/#website"},"primaryImageOfPage":{"@id":"https:\/\/jpn-motors.fr\/#primaryimage"},"image":{"@id":"https:\/\/jpn-motors.fr\/#primaryimage"},"thumbnailUrl":"https:\/\/jpn-motors.fr\/wp-content\/uploads\/2024\/09\/image-jp-scaled.jpg","datePublished":"2024-09-06T13:21:24+00:00","dateModified":"2024-12-08T14:01:35+00:00","description":"D\u00e9couvrez notre atelier de r\u00e9paration Carrosserie Peinture Entretien garage automobile pour v\u00e9hicules toutes marques & sp\u00e9cialit\u00e9s automobile am\u00e9ricaines en Alsace.","breadcrumb":{"@id":"https:\/\/jpn-motors.fr\/#breadcrumb"},"inLanguage":"fr-FR","potentialAction":[{"@type":"ReadAction","target":["https:\/\/jpn-motors.fr\/"]}]},{"@type":"ImageObject","inLanguage":"fr-FR","@id":"https:\/\/jpn-motors.fr\/#primaryimage","url":"https:\/\/jpn-motors.fr\/wp-content\/uploads\/2024\/09\/image-jp-scaled.jpg","contentUrl":"https:\/\/jpn-motors.fr\/wp-content\/uploads\/2024\/09\/image-jp-scaled.jpg","width":2560,"height":1047},{"@type":"BreadcrumbList","@id":"https:\/\/jpn-motors.fr\/#breadcrumb","itemListElement":[{"@type":"ListItem","position":1,"name":"Accueil","item":"https:\/\/jpn-motors.fr\/"},{"@type":"ListItem","position":2,"name":"Accueil"}]},{"@type":"WebSite","@id":"https:\/\/jpn-motors.fr\/#website","url":"https:\/\/jpn-motors.fr\/","name":"WordPress","description":"Un site utilisant WordPress","publisher":{"@id":"https:\/\/jpn-motors.fr\/#organization"},"potentialAction":[{"@type":"SearchAction","target":{"@type":"EntryPoint","urlTemplate":"https:\/\/jpn-motors.fr\/?s={search_term_string}"},"query-input":{"@type":"PropertyValueSpecification","valueRequired":true,"valueName":"search_term_string"}}],"inLanguage":"fr-FR"},{"@type":"Organization","@id":"https:\/\/jpn-motors.fr\/#organization","name":"WordPress","url":"https:\/\/jpn-motors.fr\/","logo":{"@type":"ImageObject","inLanguage":"fr-FR","@id":"https:\/\/jpn-motors.fr\/#\/schema\/logo\/image\/","url":"https:\/\/jpn-motors.fr\/wp-content\/uploads\/2024\/09\/LOGO-PNG.png","contentUrl":"https:\/\/jpn-motors.fr\/wp-content\/uploads\/2024\/09\/LOGO-PNG.png","width":1024,"height":764,"caption":"WordPress"},"image":{"@id":"https:\/\/jpn-motors.fr\/#\/schema\/logo\/image\/"}}]}},"_links":{"self":[{"href":"https:\/\/jpn-motors.fr\/index.php\/wp-json\/wp\/v2\/pages\/14","targetHints":{"allow":["GET"]}}],"collection":[{"href":"https:\/\/jpn-motors.fr\/index.php\/wp-json\/wp\/v2\/pages"}],"about":[{"href":"https:\/\/jpn-motors.fr\/index.php\/wp-json\/wp\/v2\/types\/page"}],"author":[{"embeddable":true,"href":"https:\/\/jpn-motors.fr\/index.php\/wp-json\/wp\/v2\/users\/1"}],"replies":[{"embeddable":true,"href":"https:\/\/jpn-motors.fr\/index.php\/wp-json\/wp\/v2\/comments?post=14"}],"version-history":[{"count":24,"href":"https:\/\/jpn-motors.fr\/index.php\/wp-json\/wp\/v2\/pages\/14\/revisions"}],"predecessor-version":[{"id":108,"href":"https:\/\/jpn-motors.fr\/index.php\/wp-json\/wp\/v2\/pages\/14\/revisions\/108"}],"wp:attachment":[{"href":"https:\/\/jpn-motors.fr\/index.php\/wp-json\/wp\/v2\/media?parent=14"}],"curies":[{"name":"wp","href":"https:\/\/api.w.org\/{rel}","templated":true}]}}